{"id":75,"date":"2020-06-01T01:29:36","date_gmt":"2020-06-01T01:29:36","guid":{"rendered":"https:\/\/www.leynacionaldedanza.org\/?page_id=75"},"modified":"2020-06-01T12:39:35","modified_gmt":"2020-06-01T12:39:35","slug":"bailando-trabajo","status":"publish","type":"page","link":"https:\/\/www.leynacionaldedanza.org\/?page_id=75","title":{"rendered":"BAILANDO TRABAJO"},"content":{"rendered":"\n<p><strong>2015 &#8211; HOY. LA HERRAMIENTA SINDICAL; EN CONSTANTE CONSTRUCCI\u00d3N<\/strong><\/p>\n\n\n\n<p>En estos momentos de emergencia no s\u00f3lo sanitaria, sino econ\u00f3mica y cultural, vemos que dentro del sector de la cultura, la comunidad de la danza es una de las m\u00e1s afectadas. Y es que seguimos sin tener pol\u00edticas p\u00fablicas espec\u00edficas que contribuyan a la sostenibilidad de los hacedores, espacios y proyectos de danza que ya se encontraban en un contexto de fragilidad. Adem\u00e1s de esta deuda impostergable del Estado, para con nuestra comunidad, tambi\u00e9n necesitamos ser una comunidad organizada, con herramientas que contribuyan a la defensa de sus derechos en tanto artistas trabajadoras y trabajadores.&nbsp;Nos referimos a una herramienta sindical, gremial, colectiva. Esta construcci\u00f2n tiene dos grandes v\u00edas: la formal y la real.&nbsp;<\/p>\n\n\n\n<p><strong>Un poco de historia<\/strong><\/p>\n\n\n\n<p>En consonancia con la construcci\u00f3n del Movimiento por la Ley Nacional de Danza en torno a la promulgaci\u00f3n (aun pendiente) de una Ley Nacional y confluyendo con la inquietud de much\u00edsimos trabajadores y trabajadoras, la comunidad de la danza convoc\u00f3 el 10 de marzo de 2015 a una actividad inaugural para apoyar la creaci\u00f3n de un <em>Sindicato <\/em>que incluyera en sus estatutos a maestrxs, bailarines, core\u00f3grafxs, investigadorxs, gestores. Ese d\u00eda se anunci\u00f3 el lanzamiento del Foro Argentino de Danza, que debati\u00f3 la problem\u00e1tica laboral de la danza y la articulaci\u00f3n del sector, en un encuentro federal de debate bajo el lema \u201cBailando Trabajo\u201d, desarrollado el 29 de abril de ese mismo a\u00f1o en el Sal\u00f3n Auditorio de la Facultad de Derecho de la UBA (CABA). El proceso colectivo de construcci\u00f3n en torno a la <strong>Ley Nacional de Danza<\/strong> tuvo una m\u00e1xima expresi\u00f3n en el 2014, con la presentaci\u00f3n del proyecto en el parlamento junto a una inmensa e hist\u00f3rica movilizaci\u00f3n a nivel nacional de nuestra comunidad. En ese camino, nos encontramos con la necesidad de jerarquizar nuestro trabajo, de hacer <strong>valer nuestros derechos.<\/strong> Participaron de esta jornada de 250 colegas representando a todos los g\u00e9neros de la danza y las provincias argentinas, adem\u00e1s de la CABA, con el objetivo de debatir sobre su construcci\u00f3n gremial. <\/p>\n\n\n\n<p>Y as\u00ed fue que en ese mismo a\u00f1o, se present\u00f3 el Estatuto y Acta constitutiva con una comisi\u00f3n directiva provisoria ante el <strong>Ministerio de Trabajo de la Naci\u00f3n<\/strong>. Este tr\u00e1mite implica el reconocimiento de la existencia por parte del Estado, pero bajo ning\u00fan punto de vista impide la organizaci\u00f3n \u201c<em>de hecho\u201d<\/em> de los trabajadores y trabajadoras. El tr\u00e1mite de <strong>\u201cSimple inscripci\u00f3n\u201d<\/strong>, es el primer paso para la concreci\u00f3n de una personer\u00eda gremial y a\u00fan est\u00e1 pendiente. Sin embargo, esto no es un freno para la organizaci\u00f3n de nuestro colectivo sino un desaf\u00edo m\u00e1s. <\/p>\n\n\n\n<p>Frente a las reiteradas circunstancias que han dejado a los trabajadores de la danza desprotegidos &#8211; el trabajo sin cobertura de ART, la ausencia de legislaci\u00f3n laboral y fiscal acordes, y la inexistencia de un r\u00e9gimen jubilatorio adecuado- entendemos que no se debe postergar por m\u00e1s tiempo la concreci\u00f3n de una organizaci\u00f3n sindical que defienda los derechos de los trabajadores y trabajadoras de la danza.<\/p>\n\n\n\n<p><img loading=\"lazy\" width=\"960\" height=\"640\" class=\"wp-image-79\" style=\"width: 150px;\" src=\"https:\/\/www.leynacionaldedanza.org\/wp-content\/uploads\/2020\/06\/29A-2015-paola-evelina-gallardo-flamenco.jpg\" alt=\"\" srcset=\"https:\/\/www.leynacionaldedanza.org\/wp-content\/uploads\/2020\/06\/29A-2015-paola-evelina-gallardo-flamenco.jpg 960w, https:\/\/www.leynacionaldedanza.org\/wp-content\/uploads\/2020\/06\/29A-2015-paola-evelina-gallardo-flamenco-300x200.jpg 300w, https:\/\/www.leynacionaldedanza.org\/wp-content\/uploads\/2020\/06\/29A-2015-paola-evelina-gallardo-flamenco-768x512.jpg 768w\" sizes=\"(max-width: 960px) 100vw, 960px\" \/><img loading=\"lazy\" width=\"960\" height=\"640\" class=\"wp-image-81\" style=\"width: 150px;\" src=\"https:\/\/www.leynacionaldedanza.org\/wp-content\/uploads\/2020\/06\/29A-2015-paola-evelina-gallardo-hiphop.jpg\" alt=\"\" srcset=\"https:\/\/www.leynacionaldedanza.org\/wp-content\/uploads\/2020\/06\/29A-2015-paola-evelina-gallardo-hiphop.jpg 960w, https:\/\/www.leynacionaldedanza.org\/wp-content\/uploads\/2020\/06\/29A-2015-paola-evelina-gallardo-hiphop-300x200.jpg 300w, https:\/\/www.leynacionaldedanza.org\/wp-content\/uploads\/2020\/06\/29A-2015-paola-evelina-gallardo-hiphop-768x512.jpg 768w\" sizes=\"(max-width: 960px) 100vw, 960px\" \/><img loading=\"lazy\" width=\"960\" height=\"640\" class=\"wp-image-80\" style=\"width: 150px;\" src=\"https:\/\/www.leynacionaldedanza.org\/wp-content\/uploads\/2020\/06\/29A-2015-paola-evelina-gallardo-folk.jpg\" alt=\"\" srcset=\"https:\/\/www.leynacionaldedanza.org\/wp-content\/uploads\/2020\/06\/29A-2015-paola-evelina-gallardo-folk.jpg 960w, https:\/\/www.leynacionaldedanza.org\/wp-content\/uploads\/2020\/06\/29A-2015-paola-evelina-gallardo-folk-300x200.jpg 300w, https:\/\/www.leynacionaldedanza.org\/wp-content\/uploads\/2020\/06\/29A-2015-paola-evelina-gallardo-folk-768x512.jpg 768w\" sizes=\"(max-width: 960px) 100vw, 960px\" \/><\/p>\n\n\n\n<p><\/p>\n\n\n\n<p>El proyecto de Ley Nacional de la Danza, a su vez, reconoce el estatus de \u2018trabajador\u2019 a bailarines, core\u00f3grafos, maestros, ensayistas, etc., pero no se trata de un proyecto de legislaci\u00f3n laboral. Ambas instancias son necesarias.<\/p>\n\n\n\n<p>En la lluviosa jornada de aquel 29 de abril de 2015 se firm\u00f3 un acta fundacional que prosper\u00f3 en el <strong>Acta constitutiva y Estatuto<\/strong> que se presentaron ante el Ministerio del Trabajo para conformar el Sindicato. Este tr\u00e1mite legal, implic\u00f3 la constituci\u00f3n de una comisi\u00f3n directiva provisoria, y aun hoy el Ministerio de Trabajo adeuda a la comunidad su Simple Inscripci\u00f3n gremial para que <em><strong>AATDa, Asociaci\u00f3n Argentina de Trabajadores de la Danza<\/strong> se constituya en t\u00e9rminos formales. <\/em><\/p>\n\n\n\n<p>Hoy entendemos que AATDa debe generar una genuina construcci\u00f3n de la mano de la mayor cantidad de voces, atendiendo a lo valioso de nuestra diversidad. Necesitamos como colectivo generar esta instancia superadora, democr\u00e1tica y&nbsp;abierta, donde se asiente no s\u00f3lo la defensa de nuestros derechos como trabajadores y trabajadoras de la danza, sino la cohesi\u00f3n necesaria en pos de los objetivos comunes, que hacen a vislumbrar mejores realidades para toda la comunidad. <\/p>\n\n\n\n<p><em> <\/em><\/p>\n\n\n\n<p><img loading=\"lazy\" width=\"960\" height=\"641\" class=\"wp-image-78\" style=\"width: 200px;\" src=\"https:\/\/www.leynacionaldedanza.org\/wp-content\/uploads\/2020\/06\/29A-2015-paola-evelina-gallardo-final.jpg\" alt=\"\" srcset=\"https:\/\/www.leynacionaldedanza.org\/wp-content\/uploads\/2020\/06\/29A-2015-paola-evelina-gallardo-final.jpg 960w, https:\/\/www.leynacionaldedanza.org\/wp-content\/uploads\/2020\/06\/29A-2015-paola-evelina-gallardo-final-300x200.jpg 300w, https:\/\/www.leynacionaldedanza.org\/wp-content\/uploads\/2020\/06\/29A-2015-paola-evelina-gallardo-final-768x513.jpg 768w\" sizes=\"(max-width: 960px) 100vw, 960px\" \/><img loading=\"lazy\" width=\"200\" height=\"112\" class=\"wp-image-83\" style=\"width: 150px;\" src=\"https:\/\/www.leynacionaldedanza.org\/wp-content\/uploads\/2020\/06\/14732372_1201157409945666_6507866659405609537_n.jpg\" alt=\"\"><img loading=\"lazy\" width=\"960\" height=\"580\" class=\"wp-image-82\" style=\"width: 200px;\" src=\"https:\/\/www.leynacionaldedanza.org\/wp-content\/uploads\/2020\/06\/29A-2015-paola-evelina-gallardo-moderno.jpg\" alt=\"\" srcset=\"https:\/\/www.leynacionaldedanza.org\/wp-content\/uploads\/2020\/06\/29A-2015-paola-evelina-gallardo-moderno.jpg 960w, https:\/\/www.leynacionaldedanza.org\/wp-content\/uploads\/2020\/06\/29A-2015-paola-evelina-gallardo-moderno-300x181.jpg 300w, https:\/\/www.leynacionaldedanza.org\/wp-content\/uploads\/2020\/06\/29A-2015-paola-evelina-gallardo-moderno-768x464.jpg 768w\" sizes=\"(max-width: 960px) 100vw, 960px\" \/><\/p>\n\n\n\n<p><\/p>\n","protected":false},"excerpt":{"rendered":"<p>2015 &#8211; HOY. LA HERRAMIENTA SINDICAL; EN CONSTANTE CONSTRUCCI\u00d3N En estos momentos de emergencia no s\u00f3lo sanitaria, sino econ\u00f3mica y cultural, vemos que dentro del sector de la cultura, la comunidad de la danza es una de las m\u00e1s afectadas. Y es que seguimos sin tener pol\u00edticas p\u00fablicas espec\u00edficas que contribuyan a la sostenibilidad de &hellip;<\/p>\n<p class=\"read-more\"> <a class=\"\" href=\"https:\/\/www.leynacionaldedanza.org\/?page_id=75\"> <span class=\"screen-reader-text\">BAILANDO TRABAJO<\/span> Leer m\u00e1s &raquo;<\/a><\/p>\n","protected":false},"author":1,"featured_media":0,"parent":0,"menu_order":0,"comment_status":"closed","ping_status":"closed","template":"","meta":[],"_links":{"self":[{"href":"https:\/\/www.leynacionaldedanza.org\/index.php?rest_route=\/wp\/v2\/pages\/75"}],"collection":[{"href":"https:\/\/www.leynacionaldedanza.org\/index.php?rest_route=\/wp\/v2\/pages"}],"about":[{"href":"https:\/\/www.leynacionaldedanza.org\/index.php?rest_route=\/wp\/v2\/types\/page"}],"author":[{"embeddable":true,"href":"https:\/\/www.leynacionaldedanza.org\/index.php?rest_route=\/wp\/v2\/users\/1"}],"replies":[{"embeddable":true,"href":"https:\/\/www.leynacionaldedanza.org\/index.php?rest_route=%2Fwp%2Fv2%2Fcomments&post=75"}],"version-history":[{"count":7,"href":"https:\/\/www.leynacionaldedanza.org\/index.php?rest_route=\/wp\/v2\/pages\/75\/revisions"}],"predecessor-version":[{"id":111,"href":"https:\/\/www.leynacionaldedanza.org\/index.php?rest_route=\/wp\/v2\/pages\/75\/revisions\/111"}],"wp:attachment":[{"href":"https:\/\/www.leynacionaldedanza.org\/index.php?rest_route=%2Fwp%2Fv2%2Fmedia&parent=75"}],"curies":[{"name":"wp","href":"https:\/\/api.w.org\/{rel}","templated":true}]}}

<p><strong>2015 &#8211; HOY. LA HERRAMIENTA SINDICAL; EN CONSTANTE CONSTRUCCIÓN</strong></p>



<p>En estos momentos de emergencia no sólo sanitaria, sino económica y cultural, vemos que dentro del sector de la cultura, la comunidad de la danza es una de las más afectadas. Y es que seguimos sin tener políticas públicas específicas que contribuyan a la sostenibilidad de los hacedores, espacios y proyectos de danza que ya se encontraban en un contexto de fragilidad. Además de esta deuda impostergable del Estado, para con nuestra comunidad, también necesitamos ser una comunidad organizada, con herramientas que contribuyan a la defensa de sus derechos en tanto artistas trabajadoras y trabajadores.&nbsp;Nos referimos a una herramienta sindical, gremial, colectiva. Esta construcciòn tiene dos grandes vías: la formal y la real.&nbsp;</p>



<p><strong>Un poco de historia</strong></p>



<p>En consonancia con la construcción del Movimiento por la Ley Nacional de Danza en torno a la promulgación (aun pendiente) de una Ley Nacional y confluyendo con la inquietud de muchísimos trabajadores y trabajadoras, la comunidad de la danza convocó el 10 de marzo de 2015 a una actividad inaugural para apoyar la creación de un <em>Sindicato </em>que incluyera en sus estatutos a maestrxs, bailarines, coreógrafxs, investigadorxs, gestores. Ese día se anunció el lanzamiento del Foro Argentino de Danza, que debatió la problemática laboral de la danza y la articulación del sector, en un encuentro federal de debate bajo el lema “Bailando Trabajo”, desarrollado el 29 de abril de ese mismo año en el Salón Auditorio de la Facultad de Derecho de la UBA (CABA). El proceso colectivo de construcción en torno a la <strong>Ley Nacional de Danza</strong> tuvo una máxima expresión en el 2014, con la presentación del proyecto en el parlamento junto a una inmensa e histórica movilización a nivel nacional de nuestra comunidad. En ese camino, nos encontramos con la necesidad de jerarquizar nuestro trabajo, de hacer <strong>valer nuestros derechos.</strong> Participaron de esta jornada de 250 colegas representando a todos los géneros de la danza y las provincias argentinas, además de la CABA, con el objetivo de debatir sobre su construcción gremial. </p>



<p>Y así fue que en ese mismo año, se presentó el Estatuto y Acta constitutiva con una comisión directiva provisoria ante el <strong>Ministerio de Trabajo de la Nación</strong>. Este trámite implica el reconocimiento de la existencia por parte del Estado, pero bajo ningún punto de vista impide la organización “<em>de hecho”</em> de los trabajadores y trabajadoras. El trámite de <strong>“Simple inscripción”</strong>, es el primer paso para la concreción de una personería gremial y aún está pendiente. Sin embargo, esto no es un freno para la organización de nuestro colectivo sino un desafío más. </p>



<p>Frente a las reiteradas circunstancias que han dejado a los trabajadores de la danza desprotegidos &#8211; el trabajo sin cobertura de ART, la ausencia de legislación laboral y fiscal acordes, y la inexistencia de un régimen jubilatorio adecuado- entendemos que no se debe postergar por más tiempo la concreción de una organización sindical que defienda los derechos de los trabajadores y trabajadoras de la danza.</p>



<p><img loading="lazy" width="960" height="640" class="wp-image-79" style="width: 150px;" src="https://www.leynacionaldedanza.org/wp-content/uploads/2020/06/29A-2015-paola-evelina-gallardo-flamenco.jpg" alt="" srcset="https://www.leynacionaldedanza.org/wp-content/uploads/2020/06/29A-2015-paola-evelina-gallardo-flamenco.jpg 960w, https://www.leynacionaldedanza.org/wp-content/uploads/2020/06/29A-2015-paola-evelina-gallardo-flamenco-300x200.jpg 300w, https://www.leynacionaldedanza.org/wp-content/uploads/2020/06/29A-2015-paola-evelina-gallardo-flamenco-768x512.jpg 768w" sizes="(max-width: 960px) 100vw, 960px" /><img loading="lazy" width="960" height="640" class="wp-image-81" style="width: 150px;" src="https://www.leynacionaldedanza.org/wp-content/uploads/2020/06/29A-2015-paola-evelina-gallardo-hiphop.jpg" alt="" srcset="https://www.leynacionaldedanza.org/wp-content/uploads/2020/06/29A-2015-paola-evelina-gallardo-hiphop.jpg 960w, https://www.leynacionaldedanza.org/wp-content/uploads/2020/06/29A-2015-paola-evelina-gallardo-hiphop-300x200.jpg 300w, https://www.leynacionaldedanza.org/wp-content/uploads/2020/06/29A-2015-paola-evelina-gallardo-hiphop-768x512.jpg 768w" sizes="(max-width: 960px) 100vw, 960px" /><img loading="lazy" width="960" height="640" class="wp-image-80" style="width: 150px;" src="https://www.leynacionaldedanza.org/wp-content/uploads/2020/06/29A-2015-paola-evelina-gallardo-folk.jpg" alt="" srcset="https://www.leynacionaldedanza.org/wp-content/uploads/2020/06/29A-2015-paola-evelina-gallardo-folk.jpg 960w, https://www.leynacionaldedanza.org/wp-content/uploads/2020/06/29A-2015-paola-evelina-gallardo-folk-300x200.jpg 300w, https://www.leynacionaldedanza.org/wp-content/uploads/2020/06/29A-2015-paola-evelina-gallardo-folk-768x512.jpg 768w" sizes="(max-width: 960px) 100vw, 960px" /></p>



<p></p>



<p>El proyecto de Ley Nacional de la Danza, a su vez, reconoce el estatus de ‘trabajador’ a bailarines, coreógrafos, maestros, ensayistas, etc., pero no se trata de un proyecto de legislación laboral. Ambas instancias son necesarias.</p>



<p>En la lluviosa jornada de aquel 29 de abril de 2015 se firmó un acta fundacional que prosperó en el <strong>Acta constitutiva y Estatuto</strong> que se presentaron ante el Ministerio del Trabajo para conformar el Sindicato. Este trámite legal, implicó la constitución de una comisión directiva provisoria, y aun hoy el Ministerio de Trabajo adeuda a la comunidad su Simple Inscripción gremial para que <em><strong>AATDa, Asociación Argentina de Trabajadores de la Danza</strong> se constituya en términos formales. </em></p>



<p>Hoy entendemos que AATDa debe generar una genuina construcción de la mano de la mayor cantidad de voces, atendiendo a lo valioso de nuestra diversidad. Necesitamos como colectivo generar esta instancia superadora, democrática y&nbsp;abierta, donde se asiente no sólo la defensa de nuestros derechos como trabajadores y trabajadoras de la danza, sino la cohesión necesaria en pos de los objetivos comunes, que hacen a vislumbrar mejores realidades para toda la comunidad. </p>



<p><em> </em></p>



<p><img loading="lazy" width="960" height="641" class="wp-image-78" style="width: 200px;" src="https://www.leynacionaldedanza.org/wp-content/uploads/2020/06/29A-2015-paola-evelina-gallardo-final.jpg" alt="" srcset="https://www.leynacionaldedanza.org/wp-content/uploads/2020/06/29A-2015-paola-evelina-gallardo-final.jpg 960w, https://www.leynacionaldedanza.org/wp-content/uploads/2020/06/29A-2015-paola-evelina-gallardo-final-300x200.jpg 300w, https://www.leynacionaldedanza.org/wp-content/uploads/2020/06/29A-2015-paola-evelina-gallardo-final-768x513.jpg 768w" sizes="(max-width: 960px) 100vw, 960px" /><img loading="lazy" width="200" height="112" class="wp-image-83" style="width: 150px;" src="https://www.leynacionaldedanza.org/wp-content/uploads/2020/06/14732372_1201157409945666_6507866659405609537_n.jpg" alt=""><img loading="lazy" width="960" height="580" class="wp-image-82" style="width: 200px;" src="https://www.leynacionaldedanza.org/wp-content/uploads/2020/06/29A-2015-paola-evelina-gallardo-moderno.jpg" alt="" srcset="https://www.leynacionaldedanza.org/wp-content/uploads/2020/06/29A-2015-paola-evelina-gallardo-moderno.jpg 960w, https://www.leynacionaldedanza.org/wp-content/uploads/2020/06/29A-2015-paola-evelina-gallardo-moderno-300x181.jpg 300w, https://www.leynacionaldedanza.org/wp-content/uploads/2020/06/29A-2015-paola-evelina-gallardo-moderno-768x464.jpg 768w" sizes="(max-width: 960px) 100vw, 960px" /></p>



<p></p>

<p>2015 &#8211; HOY. LA HERRAMIENTA SINDICAL; EN CONSTANTE CONSTRUCCIÓN En estos momentos de emergencia no sólo sanitaria, sino económica y cultural, vemos que dentro del sector de la cultura, la comunidad de la danza es una de las más afectadas. Y es que seguimos sin tener políticas públicas específicas que contribuyan a la sostenibilidad de &hellip;</p>
<p class="read-more"> <a class="" href="https://www.leynacionaldedanza.org/?page_id=75"> <span class="screen-reader-text">BAILANDO TRABAJO</span> Leer más &raquo;</a></p>
